{"id":49,"date":"2026-02-18T13:06:49","date_gmt":"2026-02-18T13:06:49","guid":{"rendered":"https:\/\/test.jssteam.com\/?post_type=product&#038;p=49"},"modified":"2026-02-26T18:29:07","modified_gmt":"2026-02-26T18:29:07","slug":"profiline-cutmax","status":"publish","type":"product","link":"https:\/\/test.jssteam.com\/?product=profiline-cutmax","title":{"rendered":"SONAX PROFILINE CutMax"},"content":{"rendered":"<p>Sonax CutMax \u2013 Gruba pasta za poliranje koja \u0107e ukloniti i najte\u017ee defekte na laku, uklju\u010duju\u0107i i tragove bru\u0161enja od P1500 vodobrusnog papira, a iza sebe \u0107e ostaviti minimalno matiranu povr\u0161inu<\/p>\n<ul>\n<li>Izvrstan cut uz dobar sjaj<\/li>\n<li>Napravljena na vodenoj bazi, ne sadr\u017ei otapala niti silikone<\/li>\n<li>Formulacija omogu\u0107ava rad bez gotovo ikakvog pra\u0161enja<\/li>\n<\/ul>\n<p>Pakiranje: 1 litar<\/p>\n","protected":false},"excerpt":{"rendered":"<p>Sonax CutMax \u2013 Gruba pasta za poliranje koja \u0107e ukloniti i najte\u017ee defekte na laku, uklju\u010duju\u0107i i tragove bru\u0161enja od P1500 vodobrusnog papira, a iza sebe \u0107e ostaviti minimalno matiranu povr\u0161inu Izvrstan cut uz dobar sjaj Napravljena na vodenoj bazi, ne sadr\u017ei otapala niti silikone Formulacija omogu\u0107ava rad bez gotovo ikakvog pra\u0161enja Pakiranje: 1 litar<\/p>\n","protected":false},"featured_media":212,"comment_status":"open","ping_status":"closed","template":"","meta":[],"product_brand":[],"product_cat":[23],"product_tag":[],"class_list":{"0":"post-49","1":"product","2":"type-product","3":"status-publish","4":"has-post-thumbnail","6":"product_cat-poliranje","8":"first","9":"instock","10":"taxable","11":"shipping-taxable","12":"purchasable","13":"product-type-simple"},"jetpack_sharing_enabled":true,"_links":{"self":[{"href":"https:\/\/test.jssteam.com\/index.php?rest_route=\/wp\/v2\/product\/49","targetHints":{"allow":["GET"]}}],"collection":[{"href":"https:\/\/test.jssteam.com\/index.php?rest_route=\/wp\/v2\/product"}],"about":[{"href":"https:\/\/test.jssteam.com\/index.php?rest_route=\/wp\/v2\/types\/product"}],"replies":[{"embeddable":true,"href":"https:\/\/test.jssteam.com\/index.php?rest_route=%2Fwp%2Fv2%2Fcomments&post=49"}],"wp:featuredmedia":[{"embeddable":true,"href":"https:\/\/test.jssteam.com\/index.php?rest_route=\/wp\/v2\/media\/212"}],"wp:attachment":[{"href":"https:\/\/test.jssteam.com\/index.php?rest_route=%2Fwp%2Fv2%2Fmedia&parent=49"}],"wp:term":[{"taxonomy":"product_brand","embeddable":true,"href":"https:\/\/test.jssteam.com\/index.php?rest_route=%2Fwp%2Fv2%2Fproduct_brand&post=49"},{"taxonomy":"product_cat","embeddable":true,"href":"https:\/\/test.jssteam.com\/index.php?rest_route=%2Fwp%2Fv2%2Fproduct_cat&post=49"},{"taxonomy":"product_tag","embeddable":true,"href":"https:\/\/test.jssteam.com\/index.php?rest_route=%2Fwp%2Fv2%2Fproduct_tag&post=49"}],"curies":[{"name":"wp","href":"https:\/\/api.w.org\/{rel}","templated":true}]}}