{"id":173,"date":"2026-02-25T09:38:26","date_gmt":"2026-02-25T09:38:26","guid":{"rendered":"https:\/\/test.jssteam.com\/?post_type=product&#038;p=173"},"modified":"2026-02-26T19:13:25","modified_gmt":"2026-02-26T19:13:25","slug":"keramicka-zastita-za-farove-10-vrecica","status":"publish","type":"product","link":"https:\/\/test.jssteam.com\/?product=keramicka-zastita-za-farove-10-vrecica","title":{"rendered":"SONAX PROFILINE Kerami\u010dka za\u0161tita za farove"},"content":{"rendered":"<p>Dugotrajno kerami\u010dka za\u0161tita za plasti\u010dne farove na motornim vozilima. Za\u0161titni sloj na bazi silicijuma, koji je otporan na utjecaj okoline i pranje vozila, spre\u010dava da farovi izblijede zbog UV svjetlosti koja se nalazi na suncu. Rok trajanja do jedne godine. U\u010dinak potvrdio Osram. Pakiranje: 10 vre\u0107ica od 5 ml, dovoljno za 20 primjena.<\/p>\n<p>Pakiranje: 5 ml<\/p>\n","protected":false},"excerpt":{"rendered":"<p>Dugotrajno kerami\u010dka za\u0161tita za plasti\u010dne farove na motornim vozilima. Za\u0161titni sloj na bazi silicijuma, koji je otporan na utjecaj okoline i pranje vozila, spre\u010dava da farovi izblijede zbog UV svjetlosti koja se nalazi na suncu. Rok trajanja do jedne godine. U\u010dinak potvrdio Osram. Pakiranje: 10 vre\u0107ica od 5 ml, dovoljno za 20 primjena. Pakiranje: 5 [&hellip;]<\/p>\n","protected":false},"featured_media":232,"comment_status":"open","ping_status":"closed","template":"","meta":[],"product_brand":[],"product_cat":[17],"product_tag":[],"class_list":{"0":"post-173","1":"product","2":"type-product","3":"status-publish","4":"has-post-thumbnail","6":"product_cat-zastita-laka","8":"first","9":"instock","10":"taxable","11":"shipping-taxable","12":"purchasable","13":"product-type-simple"},"jetpack_sharing_enabled":true,"_links":{"self":[{"href":"https:\/\/test.jssteam.com\/index.php?rest_route=\/wp\/v2\/product\/173","targetHints":{"allow":["GET"]}}],"collection":[{"href":"https:\/\/test.jssteam.com\/index.php?rest_route=\/wp\/v2\/product"}],"about":[{"href":"https:\/\/test.jssteam.com\/index.php?rest_route=\/wp\/v2\/types\/product"}],"replies":[{"embeddable":true,"href":"https:\/\/test.jssteam.com\/index.php?rest_route=%2Fwp%2Fv2%2Fcomments&post=173"}],"wp:featuredmedia":[{"embeddable":true,"href":"https:\/\/test.jssteam.com\/index.php?rest_route=\/wp\/v2\/media\/232"}],"wp:attachment":[{"href":"https:\/\/test.jssteam.com\/index.php?rest_route=%2Fwp%2Fv2%2Fmedia&parent=173"}],"wp:term":[{"taxonomy":"product_brand","embeddable":true,"href":"https:\/\/test.jssteam.com\/index.php?rest_route=%2Fwp%2Fv2%2Fproduct_brand&post=173"},{"taxonomy":"product_cat","embeddable":true,"href":"https:\/\/test.jssteam.com\/index.php?rest_route=%2Fwp%2Fv2%2Fproduct_cat&post=173"},{"taxonomy":"product_tag","embeddable":true,"href":"https:\/\/test.jssteam.com\/index.php?rest_route=%2Fwp%2Fv2%2Fproduct_tag&post=173"}],"curies":[{"name":"wp","href":"https:\/\/api.w.org\/{rel}","templated":true}]}}