{"id":117,"date":"2026-02-23T10:04:57","date_gmt":"2026-02-23T10:04:57","guid":{"rendered":"https:\/\/test.jssteam.com\/?post_type=product&#038;p=117"},"modified":"2026-02-26T18:47:06","modified_gmt":"2026-02-26T18:47:06","slug":"insect-star-750ml","status":"publish","type":"product","link":"https:\/\/test.jssteam.com\/?product=insect-star-750ml","title":{"rendered":"SONAX Odstranjiva\u010d insekata"},"content":{"rendered":"<p>Brzo i jednostavno uklanja ostatke insekata sa stakla, laka, kroma i plastike. Zahvaljuju\u0107i izvrsnim svojstvima omek\u0161ava \u010dak i sasu\u0161ene ostatak insekata bez utjecaja na povr\u0161ine. Ostaci se uklanjaju brzo i nje\u017eno. Bez otapala.<\/p>\n<p>Pakiranje: 750 ml<\/p>\n","protected":false},"excerpt":{"rendered":"<p>Brzo i jednostavno uklanja ostatke insekata sa stakla, laka, kroma i plastike. Zahvaljuju\u0107i izvrsnim svojstvima omek\u0161ava \u010dak i sasu\u0161ene ostatak insekata bez utjecaja na povr\u0161ine. Ostaci se uklanjaju brzo i nje\u017eno. Bez otapala. Pakiranje: 750 ml<\/p>\n","protected":false},"featured_media":225,"comment_status":"open","ping_status":"closed","template":"","meta":[],"product_brand":[],"product_cat":[26],"product_tag":[],"class_list":{"0":"post-117","1":"product","2":"type-product","3":"status-publish","4":"has-post-thumbnail","6":"product_cat-ciscenje","8":"first","9":"instock","10":"taxable","11":"shipping-taxable","12":"purchasable","13":"product-type-simple"},"jetpack_sharing_enabled":true,"_links":{"self":[{"href":"https:\/\/test.jssteam.com\/index.php?rest_route=\/wp\/v2\/product\/117","targetHints":{"allow":["GET"]}}],"collection":[{"href":"https:\/\/test.jssteam.com\/index.php?rest_route=\/wp\/v2\/product"}],"about":[{"href":"https:\/\/test.jssteam.com\/index.php?rest_route=\/wp\/v2\/types\/product"}],"replies":[{"embeddable":true,"href":"https:\/\/test.jssteam.com\/index.php?rest_route=%2Fwp%2Fv2%2Fcomments&post=117"}],"wp:featuredmedia":[{"embeddable":true,"href":"https:\/\/test.jssteam.com\/index.php?rest_route=\/wp\/v2\/media\/225"}],"wp:attachment":[{"href":"https:\/\/test.jssteam.com\/index.php?rest_route=%2Fwp%2Fv2%2Fmedia&parent=117"}],"wp:term":[{"taxonomy":"product_brand","embeddable":true,"href":"https:\/\/test.jssteam.com\/index.php?rest_route=%2Fwp%2Fv2%2Fproduct_brand&post=117"},{"taxonomy":"product_cat","embeddable":true,"href":"https:\/\/test.jssteam.com\/index.php?rest_route=%2Fwp%2Fv2%2Fproduct_cat&post=117"},{"taxonomy":"product_tag","embeddable":true,"href":"https:\/\/test.jssteam.com\/index.php?rest_route=%2Fwp%2Fv2%2Fproduct_tag&post=117"}],"curies":[{"name":"wp","href":"https:\/\/api.w.org\/{rel}","templated":true}]}}